 r.
2, 29
Let i = -36 + 38. Suppose i*w + 8 = -4*r, 0*w + 4*r = w - 14. Suppose h = 6*h - 25, -w*q + 341 = 5*h. List the prime factors of q.
2, 79
Suppose 120 = 51*i - 543. What are the prime factors of (-2)/i - (2424/13)/(-3)?
2, 31
Let y(k) = -483*k**2 + 473*k**2 - 110 - 73*k - k**3 + 71*k. List the prime factors of y(-11).
3, 11
Suppose u - 25353 = -4*p, -25339 = 352*p - 356*p - 3*u. List the prime factors of p.
2, 5, 317
Suppose -12 = 4*k, 0 = 3*v - 3*k - 1904 - 19498. List the prime factors of v.
3, 2377
Let j(z) = 4*z**2 + 201*z - 516. What are the prime factors of j(-119)?
31, 1039
Suppose -92*u + 57235 = -70553. List the prime factors of u.
3, 463
Let y = 202 - -981. Let s = -541 + y. List the prime factors of s.
2, 3, 107
Let p(d) = -5*d + 1 + 2*d**2 + 155 - 4*d**2. What are the prime factors of p(0)?
2, 3, 13
Suppose 6*q - 19*q = -104. Let n(v) = 16*v**2 - 4*v - 29. List the prime factors of n(q).
3, 107
Let n be (-9)/15 + 6/10. Suppose w - 5*w + 4*i + 20 = n, 3*i = -5*w + 1. What are the prime factors of 4 + 137 - (w + -2)?
3, 47
Suppose 167*q - 213*q + 833198 = 0. List the prime factors of q.
59, 307
Let s be (0 - -6) + 5/10*4. Suppose 0 = -3*w + s*w - 1165. Suppose 3*i = -44 + w. What are the prime factors of i?
3, 7
Let u(n) = -6*n + 3. Let r be u(-2). Let g be 155/r*1/1*9. Let c = -32 + g. What are the prime factors of c?
61
Let a(w) = 356*w + 740. Let n(f) = -118*f - 246. Let h(k) = -4*a(k) - 11*n(k). What are the prime factors of h(-12)?
2, 17, 37
Let z(r) = 48*r**3 - 4*r**2 + 5*r + 2. Suppose -j - 6 = -4*j. List the prime factors of z(j).
2, 5, 19
Suppose -5*j = -3*j - 2*l, 4*l - 36 = -5*j. Suppose 423 = 2*b - 2*p - 187, j*b - 2*p = 1212. What are the prime factors of b?
7, 43
Let c be -2*180*(-160)/30. Suppose 314*o - 319*o + c = 0. List the prime factors of o.
2, 3
Let f = 2503 + -4662. Let p = f - -4108. What are the prime factors of p?
1949
Let j(m) = m**2 + 10*m + 5. Let h be j(-10). Let o = h + 231. What are the prime factors of o?
2, 59
Let o = -4103 - -7078. What are the prime factors of o?
5, 7, 17
Let v(p) = p**2 + 22*p + 84. Let o be v(-5). Let x(d) = -431*d - 30. List the prime factors of x(o).
401
Let v = -149 + 161. Let w(q) = -q**3 + 14*q**2 - q - 40. List the prime factors of w(v).
2, 59
What are the prime factors of 7853 + -28 + (-3)/6*6?
2, 3911
Suppose -90*z - 157*z = -65*z - 4404036. List the prime factors of z.
2, 3, 37, 109
Suppose 0 = 9363*y - 9338*y - 221350. What are the prime factors of y?
2, 19, 233
Let x(m) = -1525*m + 1391. List the prime factors of x(-4).
3, 11, 227
Let q be 6 + 37 - 0/(-1). Suppose -q = -3*w + 11. Let l = -16 + w. List the prime factors of l.
2
Let l(z) = -11*z**2 + 4*z. Let b be l(3). Suppose -3*i + f = 543, 4 = 4*f - 8. Let x = b - i. What are the prime factors of x?
3, 31
What are the prime factors of (-9)/(-15)*(-2 + (-55)/(-5) + 5461)?
2, 3, 547
Let y be (2 + 65/(-2))/((-2)/(-20)). What are the prime factors of (48/(-70) - 2/(-7))*y?
2, 61
Let w = -354 - -4761. Suppose 3*v = 16*v - w. List the prime factors of v.
3, 113
Suppose -4*s + 7*s = 5*l - 343, 0 = 5*l + s - 359. Let h = -14 + l. What are the prime factors of h + -2*(-4 - -2)?
61
Let l(d) = -1253*d + 2609. What are the prime factors of l(-9)?
2, 53, 131
Let r(y) = y - 1. Let s be r(4). Suppose 0 = 3*t + 5*d - 6, -5*d - 58 + 15 = -4*t. List the prime factors of t/1*(-26)/(-7)*s.
2, 3, 13
Suppose 4*y - 1796*q + 1797*q - 100026 = 0, 3*q + 75012 = 3*y. What are the prime factors of y?
2, 12503
Let f(r) = -3*r - 50. Let v be f(-19). What are the prime factors of (-2)/v + (-12627)/(-21)?
601
Suppose 903420 + 69627 = 129*o. List the prime factors of o.
19, 397
Let d = 39 - 39. Let l be (-2)/(-1) + d - (-1 + 1). What are the prime factors of (-1)/((-6)/12) + l + 1?
5
Let f be ((-8)/(-6))/(38/20691). Suppose -2*v - 3*i = -0*i - f, -5*v + 1849 = -i. What are the prime factors of v?
3, 41
Let l be 20/(-110) + 64/(-11). Let r(v) = 2*v + 13. Let t be r(l). Let x(y) = 130*y**2 + 5*y - 5. List the prime factors of x(t).
2, 5, 13
Let z(b) = -26*b - 298. Let s be z(-11). List the prime factors of (-2 + (-81)/s)/((-1)/(-356)).
19, 89
Let j(x) = 3*x**2 - 5*x + 10. Let v = 66 - 76. What are the prime factors of j(v)?
2, 3, 5
Let k be 4/10 + (-396)/(-60). Suppose 10 = 12*u - k*u. What are the prime factors of 2 + u + (-28)/(-4)?
11
Suppose 0 = -0*s + s + 7. Let n be (-15)/(-35) + (-214)/s. Suppose 0 = 4*u - 477 - n. List the prime factors of u.
127
Suppose -6*z = 100 + 98. What are the prime factors of (-451)/z + (2/(-3) - -2)?
3, 5
Suppose 2*d + 3*y - 5 = 0, -d + 2*y = y. Suppose -z + d = -1. Suppose -8 = -2*a + v, 5 = -z*a - 4*v + 3. What are the prime factors of a?
3
Let g(s) = 984*s**2 - 2*s + 1. Let r be (-32)/(-48)*3/(-2). What are the prime factors of g(r)?
3, 7, 47
Let n(p) = -3*p + 4. Let i be n(7). Let y(d) = -d**2 + 2*d + 8. Let m be y(9). Let x = i - m. List the prime factors of x.
2, 19
Suppose -22*c + 3*z = -25*c + 18918, -z - 31554 = -5*c. List the prime factors of c.
2, 5, 631
Let p = -27883 - -36742. List the prime factors of p.
3, 2953
Let j = 24609 + -11413. What are the prime factors of j?
2, 3299
Let i(s) be the third derivative of 19*s**4/8 + s**3/2 - s**2. Let j = 1787 + -1785. List the prime factors of i(j).
3, 13
Let y(n) = -53429*n**3 - 7*n**2 + 16*n + 18. List the prime factors of y(-1).
2, 3, 7, 53
Suppose 4*n + 0*p + 14 = 2*p, 4*n + 11 = 5*p. Let x be (34/4)/((-2)/n). Suppose 3*q - 2*u = -u + x, 0 = 5*q - 2*u - 28. What are the prime factors of q?
2, 3
Suppose -34 = 5*b + y + y, -b - 5*y = 16. What are the prime factors of b*14/(-12) + 525?
2, 7, 19
Suppose 4*t - 5*a - 435 = 9*t, -5*a = -t - 57. Let c = t + 83. What are the prime factors of c - 3/6*-158?
2, 5
Let w be (1 - -2)*(5 - 6). Let p = w - -6. Suppose 0 = -p*z, -2*i = -0*i + 3*z - 290. What are the prime factors of i?
5, 29
Let j(f) = 4*f**3 - 14*f**2 + 101*f + 143. List the prime factors of j(23).
2, 3, 911
Let b(w) = 106*w**2 - 2*w + 15. Let m be b(-4). Suppose s = 3*f - m, -5*s - 950 = -4*f + 1353. List the prime factors of f.
2, 11, 13
Suppose -22 = -3*v + 4*g, -6 = -2*v - 3*v - g. List the prime factors of v + 3 + -3 + 359 + 7.
2, 23
Let c be (-12)/54 + (-3)/(-27)*2. Suppose 5*i - 3*p - 3045 = c, -2*p = -0*p + 10. List the prime factors of i.
2, 3, 101
Suppose -25 = -7*x + 11*x + 5*s, 0 = 5*x - 5*s + 65. Let d(j) = -3*j**3 - 11*j**2 - 5*j + 64. List the prime factors of d(x).
2, 19, 53
Let g(w) = 2132*w - 2579. List the prime factors of g(16).
3, 23, 457
Let y = -82 + 89. Let j(d) = 10*d**2 - 6*d - 19. What are the prime factors of j(y)?
3, 11, 13
Suppose 4*n - 19*n - 88*n + 5190788 = 0. List the prime factors of n.
2, 43, 293
Let s = -836 - -30396. What are the prime factors of s?
2, 5, 739
What are the prime factors of (-75)/15 - (2 - (9806 - -2) - 5)?
2, 4903
Suppose -2*x = -3*h - 289, 4*h - 88 = -2*x + 180. Let d = x + -17. What are the prime factors of d?
3, 41
Let h(p) = 128*p + 57. List the prime factors of h(2).
313
Let x(s) = 26*s + 6393. What are the prime factors of x(-58)?
5, 977
Let u be (-2 - -9) + 4*18. Let o = u + 52. List the prime factors of o.
131
Let w(u) = u**3 + 14*u**2 + 12*u - 12. Suppose 4*n = -16 - 36. Let m be w(n). List the prime factors of (-29 - m)*(-2 + (-6)/5).
2, 3
Let q(r) = -49*r**3 + 168*r**2 - 2*r + 0*r - 174*r**2 + 2. List the prime factors of q(-2).
2, 11, 17
Let s(v) = v**3 - 8*v**2 + 7*v - 6. Let t be s(7). Let h(l) = -23*l + 83. Let z be h(4). What are the prime factors of (2 + 14/t)/(z/5535)?
5, 41
Let z(b) = 2*b**2 - 4. Let w be z(2). List the prime factors of (-27604)/(-52) + -3 - w/(-26).
2, 3, 11
Suppose 26*f - 2*f - 54528 = 0. What are the prime factors of f?
2, 71
Let x = -20720 + 29675. List the prime factors of x.
3, 5, 199
Let a(f) = f + 49. Suppose -3*m = -3 - 3. Let q be (-8)/(-6)*(-33)/m. What are the prime factors of a(q)?
3
What are the prime factors of (-1696)/159*13941/(-12)?
2, 1549
Suppose 1501*f + 363465 = 1506*f. What are the prime factors of f?
3, 41, 197
Let b(k) = 1290*k**2 - 68*k - 68. What are the prime factors of b(-1)?
2, 3, 5, 43
Let t be ((-363)/21 - (-6)/21)*-1. Suppose -8 = -5*p + t. Suppose p = -m + 17. What are the prime factors of m?
2, 3
Let s(q) = q - 15. Let c be